{"id":2,"date":"2020-03-04T11:45:16","date_gmt":"2020-03-04T10:45:16","guid":{"rendered":"http:\/\/strzelnicaswit.pl\/?page_id=2"},"modified":"2025-02-17T18:20:17","modified_gmt":"2025-02-17T17:20:17","slug":"page-d-exemple","status":"publish","type":"page","link":"https:\/\/strzelnicaswit.pl\/?page_id=2","title":{"rendered":"STRZELNICA STARACHOWICE"},"content":{"rendered":"\n<p>O NASZEJ STRZELNICY<\/p>\n\n\n\n<p class=\"has-small-font-size\">Nasz obiekt w Starachowicach jest jedyn\u0105 strzelnic\u0105 w \u015brodkowo \u2013 wschodniej Polsce, gdzie w jednym miejscu mo\u017cna trenowa\u0107 wszystkie konkurencje przewidziane przepisami Mi\u0119dzynarodowej Unii Strzeleckiej i Polskiego Zwi\u0105zku Strzelectwa Sportowego. Posiadamy osie zamkni\u0119te oraz otwarte osie do strzela\u0144 pneumatycznych, pistoletowych i karabinowych o d\u0142ugo\u015bciach od 10 do 50 m.<br>Strzelnica w Starachowicach uznana zosta\u0142a przez Polski Zwi\u0105zek Strzelectwa Sportowego za obiekt strategiczny dla polskiego strzelectwa. Jest nieoficjalnym o\u015brodkiem szkolenia wojew\u00f3dzkich kadr m\u0142odzie\u017cy uzdolnionej sportowo. To w\u0142a\u015bnie tutaj organizowano i przeprowadzono zawody rangi puchar\u00f3w Polski, mistrzostw Polski oraz zawody mi\u0119dzynarodowe. Jest jedyn\u0105 strzelnic\u0105 w kraju dysponuj\u0105c\u0105 hal\u0105 sportow\u0105 wraz z baz\u0105 noclegow\u0105 co umo\u017cliwia organizacj\u0119 szkolenia centralnego w strzelectwie oraz w innych dyscyplinach sportu.<br>Ostatnie lata to czas intensywnej pracy nad modernizacj\u0105 i rozbudow\u0105 obiektu w celu przystosowania do obecnie obowi\u0105zuj\u0105cych norm Unii Europejskiej. Obiekt mo\u017cna przystosowa\u0107 na potrzeby centrum szkolenia wojskowego oraz s\u0142u\u017cb specjalnych.<br><strong>Nasza strzelnica posiada tak\u017ce ofert\u0119 typow\u0105 komercyjn\u0105, dzi\u0119ki czemu ka\u017cdy mo\u017ce rozpocz\u0105\u0107 swoj\u0105 przygod\u0119 ze strzelaniem z broni palnej.<\/strong><br><strong>Posiadamy najpopularniejsze rodzaje broni \u2013 od pistolet\u00f3w sportowych i bojowych, rewolwer\u00f3w, poprzez karabinki szturmowe, a\u017c po strzelby g\u0142adkolufowe. Dost\u0119pne modele broni mo\u017cna zobaczy\u0107 w zak\u0142adce Galeria.<\/strong><br><strong>Wystarczy zadzwoni\u0107 i um\u00f3wi\u0107 si\u0119 na dogodny termin. Nie potrzebne jest pozwolenie, patent ani wcze\u015bniejsze do\u015bwiadczenie. Nasi instruktorzy wszystko wyt\u0142umacz\u0105 oraz naucz\u0105 bezpiecznego pos\u0142ugiwania si\u0119 broni\u0105.<\/strong><br><strong>Szczeg\u00f3\u0142y naszej oferty komercyjnej wraz z cenami znajduj\u0105 si\u0119 w zak\u0142adce \u201e<a href=\"https:\/\/strzelnicaswit.pl\/?page_id=3\">Cennik<\/a>\u201d.<\/strong><\/p>\n\n\n\n<p class=\"has-small-font-size\"><strong>Klub Sportowy \u201e\u015aWIT\u201d<\/strong><br>Na strzelnicy w Starachowicach dzia\u0142alno\u015b\u0107 prowadzi Klub Sportowy \u201e\u015aWIT\u201d, kt\u00f3ry od wielu lat znajduje si\u0119 w czo\u0142\u00f3wce klub\u00f3w uprawiaj\u0105cych strzelectwo sportowe. Od 7 lat zajmuje I miejsce w wojew\u00f3dzkim wsp\u00f3\u0142zawodnictwie sportowym dzieci i m\u0142odzie\u017cy.<br>Jest jedynym klubem w historii Starachowic, kt\u00f3ry w dorobku sportowym ma uczestnika igrzysk olimpijskich, medale z mistrzostw \u015bwiata, Europy i puchar\u00f3w \u015bwiata.<br>Klub Sportowy \u201e\u015aWIT\u201d, jak te\u017c nasz obiekt sportowy, doskonale jest znany w kraju i za granic\u0105. Mo\u017ce stanowi\u0107 o\u015brodek szkolenia centralnego tym bardziej, i\u017c w obecnych programach szkolnych brakuje miejsca dla szkole\u0144 w zakresie szkolenia obronnego. Obiekt mo\u017cna przystosowa\u0107 na potrzeby centrum szkolenia wojskowego oraz s\u0142u\u017cb specjalnych.<br>Po jakim\u015b czasie bardzo cz\u0119sto strzelectwo staje si\u0119 prawdziw\u0105 pasj\u0105, a wizyty na strzelnicy staj\u0105 si\u0119 coraz cz\u0119stsze. Przyst\u0105pienie do klubu staje si\u0119 wtedy oczywistym krokiem \u2013 pozwala na korzystanie ze zni\u017cek na ofert\u0119, umo\u017cliwia zdobycie patentu strzeleckiego, a w ko\u0144cu uzyskanie pozwolenia na w\u0142asn\u0105 bro\u0144. Na ka\u017cdym etapie mo\u017cna liczy\u0107 na pomoc pracownik\u00f3w naszego klubu.<\/p>\n\n\n\n<p class=\"has-small-font-size\">Chcesz mie\u0107 swoj\u0105 bro\u0144 do cel\u00f3w sportowych i kolekcjonerskich?<\/p>\n\n\n\n<p><a href=\"http:\/\/strzelnicaswit.pl\/?page_id=135\">Zapisz si\u0119 do naszego stowarzyszenia.<\/a><\/p>\n\n\n\n<figure class=\"wp-block-image size-large\"><img loading=\"lazy\" decoding=\"async\" width=\"196\" height=\"57\" src=\"http:\/\/strzelnicaswit.pl\/wp-content\/uploads\/2020\/03\/Swit.png\" alt=\"\" class=\"wp-image-32\"\/><\/figure>\n","protected":false},"excerpt":{"rendered":"<p>O NASZEJ STRZELNICY Nasz obiekt w Starachowicach jest jedyn\u0105 strzelnic\u0105 w \u015brodkowo \u2013 wschodniej Polsce, gdzie w jednym miejscu mo\u017cna trenowa\u0107 wszystkie konkurencje przewidziane przepisami Mi\u0119dzynarodowej Unii Strzeleckiej i Polskiego Zwi\u0105zku Strzelectwa Sportowego. Posiadamy osie zamkni\u0119te oraz otwarte osie do strzela\u0144 pneumatycznych, pistoletowych i karabinowych o d\u0142ugo\u015bciach od 10 do [&hellip;]<\/p>\n","protected":false},"author":1,"featured_media":0,"parent":0,"menu_order":0,"comment_status":"closed","ping_status":"open","template":"","meta":{"footnotes":""},"class_list":["post-2","page","type-page","status-publish","hentry"],"_links":{"self":[{"href":"https:\/\/strzelnicaswit.pl\/index.php?rest_route=\/wp\/v2\/pages\/2","targetHints":{"allow":["GET"]}}],"collection":[{"href":"https:\/\/strzelnicaswit.pl\/index.php?rest_route=\/wp\/v2\/pages"}],"about":[{"href":"https:\/\/strzelnicaswit.pl\/index.php?rest_route=\/wp\/v2\/types\/page"}],"author":[{"embeddable":true,"href":"https:\/\/strzelnicaswit.pl\/index.php?rest_route=\/wp\/v2\/users\/1"}],"replies":[{"embeddable":true,"href":"https:\/\/strzelnicaswit.pl\/index.php?rest_route=%2Fwp%2Fv2%2Fcomments&post=2"}],"version-history":[{"count":9,"href":"https:\/\/strzelnicaswit.pl\/index.php?rest_route=\/wp\/v2\/pages\/2\/revisions"}],"predecessor-version":[{"id":522,"href":"https:\/\/strzelnicaswit.pl\/index.php?rest_route=\/wp\/v2\/pages\/2\/revisions\/522"}],"wp:attachment":[{"href":"https:\/\/strzelnicaswit.pl\/index.php?rest_route=%2Fwp%2Fv2%2Fmedia&parent=2"}],"curies":[{"name":"wp","href":"https:\/\/api.w.org\/{rel}","templated":true}]}}